{"id":1370,"date":"2024-03-18T23:59:14","date_gmt":"2024-03-18T22:59:14","guid":{"rendered":"https:\/\/cdu-sha.de\/gemeindeverband-untermuenkheim\/?post_type=antrag&#038;p=1370"},"modified":"2024-03-18T23:59:14","modified_gmt":"2024-03-18T22:59:14","slug":"konsequentes-handeln-zum-umgang-mit-dem-wolf","status":"publish","type":"antrag","link":"https:\/\/cdu-sha.de\/gemeindeverband-untermuenkheim\/antrag\/konsequentes-handeln-zum-umgang-mit-dem-wolf\/","title":{"rendered":"Konsequentes Handeln zum Umgang mit dem Wolf"},"content":{"rendered":"\n<h2 class=\"wp-block-heading\">Antrag<\/h2>\n\n\n\n<p>Der Landesparteitag wolle beschlie\u00dfen:<\/p>\n\n\n\n<ol class=\"wp-block-list\">\n<li>Die CDU Baden-W\u00fcrttemberg spricht sich f\u00fcr ein realistisches und entschlossenes Vorgehen beim Wolf, insbesondere bei Problemw\u00f6lfen, aus.<\/li>\n\n\n\n<li>Die CDU Baden-W\u00fcrttemberg fordert die Landesregierung dazu auf, die Bundesregierung dazu zu bewegen, gegen\u00fcber der EU endlich den g\u00fcnstigen Erhaltungszustand des Wolfs festzustellen.<\/li>\n\n\n\n<li>Die CDU Baden-W\u00fcrttemberg fordert die Bundesregierung auf, sich f\u00fcr eine Neubewertung der EU-Wolfsstrategie und \u00dcberf\u00fchrung des Wolfs in Anhang V der FFH-Richtlinie einzusetzen.<\/li>\n\n\n\n<li>Die CDU Baden-W\u00fcrttemberg fordert den Gesetzgeber dazu auf, den Wolf ins Jagdrecht aufzunehmen und eine Entnahme von W\u00f6lfen durch kurzfristige Genehmigungspraxis der Naturschutzbeh\u00f6rden und den Einsatz ortskundiger Jagdaus\u00fcbungsberechtigter zu vereinfachen.<\/li>\n\n\n\n<li>Flankierend fordert die CDU Baden-W\u00fcrttemberg gr\u00f6\u00dfere Anstrengungen und mehr Mittel f\u00fcr den Herdenschutz sowie f\u00fcr das Wolfsmonitoring.<\/li>\n<\/ol>\n\n\n\n<h2 class=\"wp-block-heading\">Begr\u00fcndung<\/h2>\n\n\n\n<p>Die R\u00fcckkehr des Wolfs als Spitzenpr\u00e4dator nach Deutschland ist Tatsache. Dem muss jetzt die Politik jenseits aller Wolfsromantik Rechnung tragen. Die Entnahme insbesondere problematischer W\u00f6lfe hat dabei Priorit\u00e4t.<\/p>\n","protected":false},"featured_media":0,"template":"","antragstyp":[17],"class_list":["post-1370","antrag","type-antrag","status-publish","hentry","antragstyp-landesparteitagsantraege"],"acf":[],"_links":{"self":[{"href":"https:\/\/cdu-sha.de\/gemeindeverband-untermuenkheim\/wp-json\/wp\/v2\/antrag\/1370","targetHints":{"allow":["GET"]}}],"collection":[{"href":"https:\/\/cdu-sha.de\/gemeindeverband-untermuenkheim\/wp-json\/wp\/v2\/antrag"}],"about":[{"href":"https:\/\/cdu-sha.de\/gemeindeverband-untermuenkheim\/wp-json\/wp\/v2\/types\/antrag"}],"wp:attachment":[{"href":"https:\/\/cdu-sha.de\/gemeindeverband-untermuenkheim\/wp-json\/wp\/v2\/media?parent=1370"}],"wp:term":[{"taxonomy":"antragstyp","embeddable":true,"href":"https:\/\/cdu-sha.de\/gemeindeverband-untermuenkheim\/wp-json\/wp\/v2\/antragstyp?post=1370"}],"curies":[{"name":"wp","href":"https:\/\/api.w.org\/{rel}","templated":true}]}}

<h2 class="wp-block-heading">Antrag</h2>



<p>Der Landesparteitag wolle beschließen:</p>



<ol class="wp-block-list">
<li>Die CDU Baden-Württemberg spricht sich für ein realistisches und entschlossenes Vorgehen beim Wolf, insbesondere bei Problemwölfen, aus.</li>



<li>Die CDU Baden-Württemberg fordert die Landesregierung dazu auf, die Bundesregierung dazu zu bewegen, gegenüber der EU endlich den günstigen Erhaltungszustand des Wolfs festzustellen.</li>



<li>Die CDU Baden-Württemberg fordert die Bundesregierung auf, sich für eine Neubewertung der EU-Wolfsstrategie und Überführung des Wolfs in Anhang V der FFH-Richtlinie einzusetzen.</li>



<li>Die CDU Baden-Württemberg fordert den Gesetzgeber dazu auf, den Wolf ins Jagdrecht aufzunehmen und eine Entnahme von Wölfen durch kurzfristige Genehmigungspraxis der Naturschutzbehörden und den Einsatz ortskundiger Jagdausübungsberechtigter zu vereinfachen.</li>



<li>Flankierend fordert die CDU Baden-Württemberg größere Anstrengungen und mehr Mittel für den Herdenschutz sowie für das Wolfsmonitoring.</li>
</ol>



<h2 class="wp-block-heading">Begründung</h2>



<p>Die Rückkehr des Wolfs als Spitzenprädator nach Deutschland ist Tatsache. Dem muss jetzt die Politik jenseits aller Wolfsromantik Rechnung tragen. Die Entnahme insbesondere problematischer Wölfe hat dabei Priorität.</p>
