{"id":1362,"date":"2024-03-18T23:52:36","date_gmt":"2024-03-18T22:52:36","guid":{"rendered":"https:\/\/cdu-sha.de\/gemeindeverband-untermuenkheim\/?post_type=antrag&#038;p=1362"},"modified":"2024-03-18T23:52:36","modified_gmt":"2024-03-18T22:52:36","slug":"integration-von-biber-und-saatkraehe-ins-jagdrecht","status":"publish","type":"antrag","link":"https:\/\/cdu-sha.de\/gemeindeverband-untermuenkheim\/antrag\/integration-von-biber-und-saatkraehe-ins-jagdrecht\/","title":{"rendered":"Integration von Biber und Saatkr\u00e4he ins Jagdrecht"},"content":{"rendered":"\n<h2 class=\"wp-block-heading\">Antrag<\/h2>\n\n\n\n<p>Der Landesparteitag wolle beschlie\u00dfen:<\/p>\n\n\n\n<ol class=\"wp-block-list\">\n<li>Die CDU Baden-W\u00fcrttemberg fordert den Gesetzgeber auf, die Arten Biber und Saatkr\u00e4he ins Jagdrecht zu \u00fcbernehmen<\/li>\n\n\n\n<li>Die CDU Baden-W\u00fcrttemberg fordert die Landesregierung auf, anl\u00e4sslich der turnusgem\u00e4\u00dfen \u00dcberarbeitung des Wildtierberichts praxisnahe Empfehlungen (auch bez\u00fcglich einer leichteren Entnahme) f\u00fcr Biber und Saatkr\u00e4he auszusprechen.<\/li>\n\n\n\n<li>Die CDU Baden-W\u00fcrttemberg fordert die Naturschutzbeh\u00f6rden auf, eine einfachere Entnahme der beiden Arten insbesondere bei Vorliegen problematischer Situationen vor Ort durch unkompliziertes und schnelles Verwaltungshandeln zu erm\u00f6glichen.<\/li>\n<\/ol>\n\n\n\n<h2 class=\"wp-block-heading\">Begr\u00fcndung<\/h2>\n\n\n\n<p>Sowohl der Biber als auch die Saatkr\u00e4he stellen die Landwirtschaft und auch das Ziel des Waldumbaus in Baden-W\u00fcrttemberg vor Probleme. Teil eines sinnvollen und den Bed\u00fcrfnissen auch der Landwirtschaft entsprechenden Vorgehens muss eine einfachere und unkompliziert gehandhabte Entnahme von Saatkr\u00e4hen und Bibern sein.<\/p>\n","protected":false},"featured_media":0,"template":"","antragstyp":[17],"class_list":["post-1362","antrag","type-antrag","status-publish","hentry","antragstyp-landesparteitagsantraege"],"acf":[],"_links":{"self":[{"href":"https:\/\/cdu-sha.de\/gemeindeverband-untermuenkheim\/wp-json\/wp\/v2\/antrag\/1362","targetHints":{"allow":["GET"]}}],"collection":[{"href":"https:\/\/cdu-sha.de\/gemeindeverband-untermuenkheim\/wp-json\/wp\/v2\/antrag"}],"about":[{"href":"https:\/\/cdu-sha.de\/gemeindeverband-untermuenkheim\/wp-json\/wp\/v2\/types\/antrag"}],"wp:attachment":[{"href":"https:\/\/cdu-sha.de\/gemeindeverband-untermuenkheim\/wp-json\/wp\/v2\/media?parent=1362"}],"wp:term":[{"taxonomy":"antragstyp","embeddable":true,"href":"https:\/\/cdu-sha.de\/gemeindeverband-untermuenkheim\/wp-json\/wp\/v2\/antragstyp?post=1362"}],"curies":[{"name":"wp","href":"https:\/\/api.w.org\/{rel}","templated":true}]}}

Integration von Biber und Saatkrähe ins Jagdrecht

<h2 class="wp-block-heading">Antrag</h2>



<p>Der Landesparteitag wolle beschließen:</p>



<ol class="wp-block-list">
<li>Die CDU Baden-Württemberg fordert den Gesetzgeber auf, die Arten Biber und Saatkrähe ins Jagdrecht zu übernehmen</li>



<li>Die CDU Baden-Württemberg fordert die Landesregierung auf, anlässlich der turnusgemäßen Überarbeitung des Wildtierberichts praxisnahe Empfehlungen (auch bezüglich einer leichteren Entnahme) für Biber und Saatkrähe auszusprechen.</li>



<li>Die CDU Baden-Württemberg fordert die Naturschutzbehörden auf, eine einfachere Entnahme der beiden Arten insbesondere bei Vorliegen problematischer Situationen vor Ort durch unkompliziertes und schnelles Verwaltungshandeln zu ermöglichen.</li>
</ol>



<h2 class="wp-block-heading">Begründung</h2>



<p>Sowohl der Biber als auch die Saatkrähe stellen die Landwirtschaft und auch das Ziel des Waldumbaus in Baden-Württemberg vor Probleme. Teil eines sinnvollen und den Bedürfnissen auch der Landwirtschaft entsprechenden Vorgehens muss eine einfachere und unkompliziert gehandhabte Entnahme von Saatkrähen und Bibern sein.</p>
